lculate the remainder when o is divided by 16.
14
Let w be -9*(-2 + (-4)/6). Suppose d - w = -2*d. What is the remainder when 14 is divided by d?
6
Let b(h) = -h**2 + 13*h - 9. What is the remainder when b(10) is divided by 13?
8
Suppose -2*i + 4 = -i. Suppose -5*n - i*q + 51 = 0, 2 = 2*n - 5*q + 8. Calculate the remainder when n is divided by 3.
1
Let p(c) = -2*c - 3 + c**2 - 4*c + 3*c. Calculate the remainder when 44 is divided by p(-3).
14
Let z(b) = 12*b + 2. Let v be z(3). Let a = v - 10. Let s = 10 + 0. What is the remainder when a is divided by s?
8
Let d = -5 + 5. Suppose d*a - 123 = -3*w + 3*a, 2*w - 84 = a. Calculate the remainder when w is divided by 4 + 1/(-1) + 12.
13
Let f = 0 - 2. Calculate the remainder when 0 + (f - -2) + 20 is divided by 4 - -5 - (3 - 1).
6
Let d = 129 - 86. What is the remainder when d is divided by 22?
21
Let y = -6 - -17. What is the remainder when y is divided by 7?
4
Let t(v) = -99*v - 3. Let y be t(-2). Suppose -y - 10 = -5*h. Calculate the remainder when h is divided by 11.
8
Suppose 0 = -3*w - 3*w. Suppose 2*c + w*c = 6. What is the remainder when 5 is divided by c?
2
Suppose -13 = 3*w - 64. Suppose -11 = -3*x + 19. Calculate the remainder when w is divided by x.
7
Let q(r) = -r**2 - 12*r - 17. What is the remainder when 69 is divided by q(-7)?
15
Suppose -5*o = -181 - 74. Let w = -21 + o. Suppose 4*q = -2*n + 24, -5*q - 2*n + n + 36 = 0. What is the remainder when w is divided by q?
6
Suppose 45 = 3*t - 2*t. What is the remainder when t is divided by 12?
9
Suppose -487 = 9*s - 1189. What is the remainder when s is divided by 20?
18
Suppose 1 = 3*z + 4*j - 73, 5*z - 5*j - 100 = 0. Suppose -h = c - 9, -c - 3*h = h. What is the remainder when z is divided by c?
10
Let z = 2 - -1. What is the remainder when 8 is divided by z?
2
Let f(w) = w**2 - 2. Let u(c) = -c**2 + 11*c + 8. Let o be u(7). Suppose l - o = -2*l. Calculate the remainder when l is divided by f(-3).
5
Suppose -9*i = -2*i. Suppose 3*q - 15 = i, -5*k + q + 0*q + 60 = 0. Calculate the remainder when 49 is divided by k.
10
Suppose 4*l - 3*o - 24 = 0, -l - o + 1 = -3*o. Suppose 7*p - 60 = 3*p. Calculate the remainder when p is divided by l.
6
Suppose a + 0 + 4 = 0. Let q = 11 + a. Calculate the remainder when 24 is divided by q.
3
Let m(t) = -t**2 + 10*t. Let u be m(12). Suppose 95 = 4*z + 7. Calculate the remainder when z is divided by (-6)/(3/u*6).
6
Let p(t) = t**2 - t. What is the remainder when 35/20 + (-1)/(-4) is divided by p(2)?
0
Suppose -4 = -0*o + o, -4*o - 28 = -3*y. Suppose -x + 0*x = -2, y*h = 4*x + 44. Let m = 18 - 11. Calculate the remainder when h is divided by m.
6
Let m(q) = 5*q + 5. Let l(x) = -5*x - 1. Let w(s) = 5*s + 1. Let f(o) = -7*l(o) - 6*w(o). Let i be f(1). What is the remainder when m(i) is divided by 19?
16
What is the remainder when 83 is divided by 4*(-1 + 5 - 13/(-2))?
41
Let v(w) = -w**2 + 6*w + 10. Let b be v(8). What is the remainder when 40 is divided by 83/6 - 1/b?
12
Let k = 22 - -8. Suppose z + 3*n = -4*z + 42, 0 = -4*n + 16. What is the remainder when k is divided by z/33 + (-86)/(-11)?
6
Suppose -3*q = 136 - 169. Calculate the remainder when 32 is divided by q.
10
Let d = -71 - -38. Let n = d - -58. What is the remainder when n is divided by (-3)/4*(-15 + 3)?
7
Suppose 5*l + 1 = 81. What is the remainder when l is divided by -5*-9*(-1)/(-5)?
7
Let t = -5 + 6. Let q be (-20*t)/(12/(-18)). Calculate the remainder when (-1)/(q/33 + -1) is divided by 7.
4
Suppose -5*q + 124 + 6 = 0. Suppose 0 = -3*u + 4*u - q. What is the remainder when u is divided by 14?
12
Let z = 141 - 91. What is the remainder when z is divided by 13?
11
Let m(j) = -j**3 - j**2 + 2*j + 7. Calculate the remainder when m(-5) is divided by 11.
9
Let w(n) = 3*n + 2. Let c(a) = 6*a**3 - a**2 - a + 1. Calculate the remainder when w(5) is divided by c(1).
2
What is the remainder when ((-5)/(-15))/(4/168) is divided by 6?
2
What is the remainder when (-1 - -2)*74 - 5 is divided by 38?
31
Suppose 0 = 2*i - 11 - 7. Let c = -32 + 57. Calculate the remainder when c is divided by i.
7
Let z(j) = 9*j + 3. Let a = -36 - -60. Calculate the remainder when z(3) is divided by ((-22)/33)/((-2)/a).
6
Let a = -40 - -12. Calculate the remainder when 32 is divided by (2 - a/(-16))*68.
15
Suppose 0*z + 135 = 3*c - 3*z, 4*c - 186 = z. What is the remainder when c is divided by 17?
13
Let n(x) = x**3 - x**2 - 8*x + 4. Let g be n(5). Suppose 4*r = g + 12. What is the remainder when r is divided by 5?
4
Suppose -7*g - w + 528 = -2*g, 3*g - 306 = 3*w. Calculate the remainder when g is divided by 27.
24
Let w = -24 + 33. What is the remainder when w is divided by 8?
1
Suppose -d = -0*d. Suppose -4*h = -d*h - u - 30, -2*u - 4 = 0. Calculate the remainder when h is divided by 4.
3
Suppose -2*a + 11 = 5. Suppose -a*b - 8 = -b, b + 52 = 4*j. Suppose 88 = 6*o - 2*o. What is the remainder when o is divided by j?
10
Let f(c) = -5*c + 5. What is the remainder when f(-6) is divided by 9?
8
Let z be (-3)/7 - (-936)/28. Suppose -z + 118 = 5*n. Calculate the remainder when n is divided by 7.
3
Let r = 8 + -12. Calculate the remainder when r/6 + 623/21 is divided by 16.
13
Suppose -88 - 107 = -5*n. Suppose 3*p - 77 = -47. What is the remainder when n is divided by p?
9
Let z be 2 + -2 - 1 - -53. Suppose 5*d = 43 + z. Calculate the remainder when d is divided by 5.
4
Let s = -39 + -14. Let v = s + 88. Suppose 15 = 3*k + 4*o - 50, 4*k - 5*o - v = 0. What is the remainder when k is divided by 8?
7
Suppose 4*k - 2*k = 50. Let f = k + 25. What is the remainder when f is divided by 17?
16
Let v = 1 - -4. Suppose 2*i - 4 = i. What is the remainder when i is divided by -2 + v + -1 + 1?
1
Let y = 22 + -12. What is the remainder when y is divided by 4?
2
Suppose -3*j = -22 - 56. Suppose -2*a - 2 = -4*x - 0*x, 2*x = -a + 19. What is the remainder when j is divided by a?
8
What is the remainder when (-5 - 975/(-5)) + -5 is divided by 47?
44
Let n be 1/((-2)/(-12)) - -2. Let g(a) = a**3 + 7*a**2 - 9*a. Calculate the remainder when g(-8) is divided by ((-12)/16)/((-2)/n).
2
Let r = 0 + 94. What is the remainder when r is divided by 24?
22
Suppose -r - 124 = -2*r + 5*a, -4*a = -4. Let x = 184 - r. What is the remainder when x is divided by 14?
13
Suppose w = -2*w + 9. Suppose w*o - 6 = 87. What is the remainder when o is divided by 16?
15
Let q be 1/(-2) + 30/12. Calculate the remainder when 2 + q + 0/(-3) is divided by 3.
1
Calculate the remainder when 13 is divided by 6/15 - 92/(-20).
3
Let c(u) = u**3 + 6*u**2 + 4. Let f be c(-6). Let r = f + 4. Let x(k) = 9*k - 4. What is the remainder when x(3) is divided by r?
7
Let w be -2*3/(-9)*12. Suppose -4*g + w*g = 76. Calculate the remainder when g is divided by 10.
9
Suppose -3*g + 5*g - 3*m + 23 = 0, 4*m = -5*g. Let w be g/(-18) - (-2)/(-9). Suppose w = o + 2*o - 48. What is the remainder when o is divided by 9?
7
Let t(q) = -q**3 - 7*q**2 - 9*q - 2. Calculate the remainder when (3/(-6))/((-2)/184) is divided by t(-6).
14
Let p(s) = s**2 - 10*s - 5. What is the remainder when p(-5) is divided by 18?
16
Let t = -39 - -55. Let j(v) = -v**3 + 8*v**2 - 5*v + 4. Calculate the remainder when j(6) is divided by t.
14
Let v = 28 - 18. What is the remainder when 17 is divided by v?
7
Let i(t) = -218*t - 1. Let b be i(-1). Let r = b + -132. Calculate the remainder when r is divided by 22.
19
Let k = 104 + -72. Suppose -2*w + k = h - 39, -3*w = 3*h - 201. What is the remainder when h is divided by 13?
11
Let y(q) = q**2 - 5*q + 1. Let m = -21 - -29. Let x = 13 + 0. Calculate the remainder when y(m) is divided by x.
12
Let m = 349 + -237. Suppose -m = -w - 3*w - 4*v, -36 = -w + 3*v. What is the remainder when w is divided by 8?
6
Suppose -3*u = -7 + 1. Suppose 4*s - f = 242, u*s + 4*f + 0*f = 112. Let p = s - 43. Calculate the remainder when 65 is divided by p.
14
Suppose x + 27 = 4. Let y = x + 35. Calculate the remainder when 33 is divided by y.
9
Suppose -3*r - 4*c + 6*c + 14 = 0, 4*c + 8 = -4*r. What is the remainder when 35 is divided by (r - 4) + 21 + 0?
16
Suppose 0*d - 5*d + 85 = 0. Let x = 2 + d. Calculate the remainder when 75 is divided by x.
18
Let u = 10 + -171. Let j = -109 - u. Calculate the remainder when j is divided by 18.
16
Let w 